{"id":408,"date":"2012-11-21T10:56:20","date_gmt":"2012-11-21T10:56:20","guid":{"rendered":"https:\/\/www.mardequel.com\/blog\/\/?page_id=408"},"modified":"2015-04-29T12:07:20","modified_gmt":"2015-04-29T10:07:20","slug":"aviso-legal","status":"publish","type":"page","link":"https:\/\/www.mardequel.com\/blog\/aviso-legal\/","title":{"rendered":"Aviso Legal"},"content":{"rendered":"<p>El Presente <strong>AVISO LEGAL<\/strong> pretende regular la relaci\u00f3n entre este sitio web (<strong>MARDEQUEL.COM<\/strong>) y los usuarios del mismo para dar cumplimiento con lo establecido en la Ley 34\/2002, de 11 de julio, de servicios de la sociedad de la informaci\u00f3n y de comercio electr\u00f3nico, a continuaci\u00f3n se indican los datos de informaci\u00f3n general de este sitio web:<\/p>\n<p><strong>Titular: Mart\u00ednez de Quel S.L<\/strong><\/p>\n<p>Direcci\u00f3n: Cm\/Valdegastea 14-18 Logro\u00f1o<\/p>\n<p>Contacto: 941 287 000<\/p>\n<p>CIF: B26028852<\/p>\n<h6>1. \u00c1mbito de aplicaci\u00f3n<\/h6>\n<p>Este documento incluye las condiciones generales aplicables para el acceso, navegaci\u00f3n y utilizaci\u00f3n en general del contenido del portal MARDEQUEL.COM. Asimismo, se incluye la responsabilidad por la utilizaci\u00f3n de cualquier contenido incluido en MARDEQUEL.COM, lo que incluye textos, dise\u00f1os, fotograf\u00edas, logotipos, m\u00fasica, bases de datos y, ene general, cualquier creaci\u00f3n susceptible de ser protegida por las leyes nacionales e internacionales.<\/p>\n<p>Se entiende como usuarios cualquier persona que navegue, acceda o utilice cualquiera de las p\u00e1ginas, servicios, utilidades o actividades en general incluidos en el portal MARDEQUEL.COM.<\/p>\n<p>La mera utilizaci\u00f3n del portal MARDEQUEL.COM o acceso al mismo por cualquier usuario implica la aceptaci\u00f3n de las condiciones generales que se indican a continuaci\u00f3n, por lo que el usuario debe leer atentamente el contenido de estas condiciones generales.<\/p>\n<p>A trav\u00e9s de MARDEQUEL.COM ser\u00e1 posible acceder a determinados servicios, p\u00e1ginas web y, en general, actividades gestionadas por terceros no relacionados con MARDEQUEL, por lo que las condiciones generales aplicables ser\u00e1n las indicadas por dichos terceros.<\/p>\n<h6>2. Derechos de propiedad intelectual e industrial<\/h6>\n<p>MARDEQUEL dispone de las licencias de derechos de explotaciones intelectual e industrial de todo el contendido disponible dentro del portal MARDEQUEL.COM. El acceso por parte de los usuarios al contenido de MARDEQUEL.COM no supone, por supuesto, transmisi\u00f3n, renuncia y, en general, modificaci\u00f3n ninguna de las licencias de explotaci\u00f3n.<\/p>\n<p>En consecuencia, no esta permitida la reproducci\u00f3n, copia, reutilizaci\u00f3n, explotaci\u00f3n, transmisi\u00f3n por cualquier medio, modificaci\u00f3n o distribuci\u00f3n de todo o parte de los contenidos de MARDEQUEL.COM si no se dispone de autorizaci\u00f3n por escrito de MARDEQUEL o del titular de los derechos correspondientes. Asimismo, el contenido de MARDEQUEL.COM se ofrece \u00fanica y exclusivamente a usuarios finales, por lo que cualquier utilizaci\u00f3n comercial del contenido del portal sin autorizaci\u00f3n por escrito de MARDEQUEL o del titular de los derechos correspondientes est\u00e1 prohibida.<\/p>\n<p>En general, el acceso a los contenidos de MARDEQUEL.COM es libre y gratuito, aunque en parte de los servicios y contenido se puede exigir el registro del usuario o estar sujetos a la aceptaci\u00f3n de condiciones particulares que estar\u00e1n indicadas de manera clara. En general, cualquier dato personal que se pueda solicitar en MARDEQUEL.COM ser\u00e1 tratado seg\u00fan lo previsto en la legislaci\u00f3n vigente sobre datos personales.<\/p>\n<h6>3. Usuarios: registro y obligaciones<\/h6>\n<p>El usuario debe proceder a su registro para el acceso a determinados contenidos y servicios de MARDEQUEL.COM, para lo que deber\u00e1 aportar la informaci\u00f3n solicitada para el registro. El usuario es responsable de aportar \u00fanicamente informaci\u00f3n veraz y hacer una utilizaci\u00f3n y custodia responsable del nombre de usuario y contrase\u00f1a suministrados cuando sean precisos para acceder a dichos servicios y contenidos. Asimismo, deber\u00e1 comunicar con la diligencia debida a los gestores de MARDEQUEL.COM cualquier incidencia, robo, extrav\u00edo o utilizaci\u00f3n indebida del nombre de usuario y contrase\u00f1a que se le hayan asignado.<\/p>\n<p>Asimismo, el usuario declara y garantiza que cualquier informaci\u00f3n enviada por \u00e9l mismo a MARDEQUEL.COM no infringe derechos de propiedad intelectual, industrial, marca o, en general, cualquier derecho susceptible de ser protegido por la legislaci\u00f3n nacional o internacional. El usuario exime a MARDEQUEL de cualquier responsabilidad por la informaci\u00f3n enviada por \u00e9l mismo a MARDEQUEL.COM.<\/p>\n<h6>4. Informaci\u00f3n de terceros y enlaces<\/h6>\n<p>En MARDEQUEL.COM pueden llegar a existir enlaces a otros portales y p\u00e1ginas webs mediante botones, banners, links y otros medios, los cuales no son gestionados por MARDEQUEL, por los que MARDEQUEL no asume ning\u00fan tipo de responsabilidad por el contenido de dichos portales o p\u00e1gina webs de terceros.<\/p>\n<p>Los portales y sitios web que deseen establecer alg\u00fan enlace con MARDEQUEL.COM deber\u00e1n cumplir las siguientes reglas:<\/p>\n<p>No se deben utilizar elementos identificativos de MARDEQUEL.COM o MARDEQUEL en el enlace, salvo autorizaci\u00f3n por escrito de MARDEQUEL.<\/p>\n<p>El enlace debe estar dirigido \u00fanica y exclusivamente a la p\u00e1gina principal o Home de MARDEQUEL.COM, salvo autorizaci\u00f3n expresa y por escrito. No se permiten enlaces a otras p\u00e1ginas de MARDEQUEL.COM.<\/p>\n<p>Especialmente, queda prohibida la presentaci\u00f3n de una p\u00e1gina o parte de la misma en marco de otra p\u00e1gina web mediante la t\u00e9cnica conocida como \u201c framing \u201d.<\/p>\n<p>El enlace debe ser completo, sin modificaciones y debe abarcar completamente el contenido de la p\u00e1gina principal de MARDEQUEL.COM.<\/p>\n<p>No se autorizan enlaces a MARDEQUEL.COM desde p\u00e1ginas que, en general, contengan elementos en contra de la moral, orden p\u00fablico y las normas sociales generalmente aceptadas.<\/p>\n<h6>5. Garant\u00edas<\/h6>\n<p>MARDEQUEL no garantiza la licitud, fiabilidad, utilidad, veracidad o exactitud de los servicios o de la informaci\u00f3n incluida en MARDEQUEL.COM, por lo que no garantiza los siguientes aspectos:<\/p>\n<p>La continuidad de los contenidos de MARDEQUEL.COM<\/p>\n<p>La ausencia de errores en dichos contenidos ni la correcci\u00f3n de cualquier defecto que puiera ocurrir<\/p>\n<p>La ausencia de virus y\/o dem\u00e1s componentes da\u00f1inos en MARDEQUEL.COM o en el servidor que lo suministra<\/p>\n<p>La invulnerabilidad de MARDEQUEL.COM y\/o la inexpugnabilidad de las medidas de seguridad que se adopten en el mismo<\/p>\n<p>Las consecuencias generadas por la vulneraci\u00f3n de los sistemas de seguridad de MARDEQUEL.COM<\/p>\n<p>Los da\u00f1os o perjuicios generados a cualquier persona al infringirse las condiciones, normas e instrucciones que MARDEQUEL establece en MARDEQUEL.COM<\/p>\n<p>A pesar lo anterior, MARDEQUEL ha procedido a adoptar las medidas pertinentes para minimizar el riesgo de virus y dem\u00e1s elementos da\u00f1inos para los usuarios.<\/p>\n<h6>6. Vigencia<\/h6>\n<p>MARDEQUEL podr\u00e1 modificar en cualquier momento estas condiciones generales, total o parcialmente, publicando las modificaciones directamente o comunic\u00e1ndoselo a los usuarios a trav\u00e9s de cualquier tipo de comunicaci\u00f3n. Por lo tanto, las condiciones generales estar\u00e1n vigentes \u00fanica y exclusivamente durante su periodo de exposici\u00f3n.<\/p>\n<h6>7. Generalidades y jurisdicci\u00f3n<\/h6>\n<p>Si existieran discrepancias entre las condiciones particulares de alg\u00fan servicio o contenido espec\u00edfico y las condiciones generales, prevalecer\u00e1n las correspondientes al servicio o contenido especifico.<\/p>\n<p>Si cualquier disposici\u00f3n fuera considerada, total o parcialmente, nula o inaplicable por el \u00f3rgano judicial o administrativo correspondiente, el resto de disposiciones de las condiciones generales mantendr\u00edan su vigencia.<\/p>\n<p>El no ejercicio o ejecuci\u00f3n de cualquier derecho o disposici\u00f3n de estas condiciones generales por MARDEQUEL no supone renuncia al mismo, salvo por acuerdo por escrito entre las partes.<\/p>\n<p>Las partes, MARDEQUEL y los usuarios, renuncian expresamente a cualquier fuero que pudiera corresponderles y se someten a los Juzgados y Tribunales de Logro\u00f1o<\/p>\n","protected":false},"excerpt":{"rendered":"<p>El Presente AVISO LEGAL pretende regular la relaci\u00f3n entre este sitio web (MARDEQUEL.COM) y los usuarios del mismo para dar cumplimiento con lo establecido en la Ley 34\/2002, de 11&#8230;<\/p>\n","protected":false},"author":1,"featured_media":0,"parent":0,"menu_order":0,"comment_status":"open","ping_status":"open","template":"","meta":{"_acf_changed":false,"footnotes":""},"class_list":["post-408","page","type-page","status-publish"],"acf":[],"_links":{"self":[{"href":"https:\/\/www.mardequel.com\/blog\/wp-json\/wp\/v2\/pages\/408","targetHints":{"allow":["GET"]}}],"collection":[{"href":"https:\/\/www.mardequel.com\/blog\/wp-json\/wp\/v2\/pages"}],"about":[{"href":"https:\/\/www.mardequel.com\/blog\/wp-json\/wp\/v2\/types\/page"}],"author":[{"embeddable":true,"href":"https:\/\/www.mardequel.com\/blog\/wp-json\/wp\/v2\/users\/1"}],"replies":[{"embeddable":true,"href":"https:\/\/www.mardequel.com\/blog\/wp-json\/wp\/v2\/comments?post=408"}],"version-history":[{"count":7,"href":"https:\/\/www.mardequel.com\/blog\/wp-json\/wp\/v2\/pages\/408\/revisions"}],"predecessor-version":[{"id":1466,"href":"https:\/\/www.mardequel.com\/blog\/wp-json\/wp\/v2\/pages\/408\/revisions\/1466"}],"wp:attachment":[{"href":"https:\/\/www.mardequel.com\/blog\/wp-json\/wp\/v2\/media?parent=408"}],"curies":[{"name":"wp","href":"https:\/\/api.w.org\/{rel}","templated":true}]}}