{"id":227,"date":"2012-05-20T22:16:19","date_gmt":"2012-05-20T22:16:19","guid":{"rendered":"https:\/\/www.mardequel.com\/blog\/\/?page_id=227"},"modified":"2023-03-28T10:49:11","modified_gmt":"2023-03-28T08:49:11","slug":"castro-urdiales","status":"publish","type":"page","link":"https:\/\/www.mardequel.com\/blog\/quienes-somos\/instalaciones\/castro-urdiales\/","title":{"rendered":"Castro Urdiales"},"content":{"rendered":"<p><a href=\"https:\/\/www.mardequel.com\/blog\/wp-content\/uploads\/2012\/05\/samano650.jpg\"><img loading=\"lazy\" decoding=\"async\" class=\"wp-image-295 aligncenter\" title=\"samano650\" src=\"https:\/\/www.mardequel.com\/blog\/wp-content\/uploads\/2012\/05\/samano650.jpg\" alt=\"\" width=\"669\" height=\"359\" srcset=\"https:\/\/www.mardequel.com\/blog\/wp-content\/uploads\/2012\/05\/samano650.jpg 650w, https:\/\/www.mardequel.com\/blog\/wp-content\/uploads\/2012\/05\/samano650-300x161.jpg 300w\" sizes=\"auto, (max-width: 669px) 100vw, 669px\" \/><\/a><\/p>\n<p>&nbsp;<\/p>\n<p><a href=\"https:\/\/www.mardequel.com\/blog\/wp-content\/uploads\/2018\/05\/Samano-Camara-Picking-Exterior.jpg\"><img loading=\"lazy\" decoding=\"async\" class=\"wp-image-1840 alignleft\" src=\"https:\/\/www.mardequel.com\/blog\/wp-content\/uploads\/2018\/05\/Samano-Camara-Picking-Exterior-300x300.jpg\" alt=\"Samano Camara Picking Exterior\" width=\"254\" height=\"254\" srcset=\"https:\/\/www.mardequel.com\/blog\/wp-content\/uploads\/2018\/05\/Samano-Camara-Picking-Exterior-300x300.jpg 300w, https:\/\/www.mardequel.com\/blog\/wp-content\/uploads\/2018\/05\/Samano-Camara-Picking-Exterior-1024x1024.jpg 1024w, https:\/\/www.mardequel.com\/blog\/wp-content\/uploads\/2018\/05\/Samano-Camara-Picking-Exterior-194x194.jpg 194w, https:\/\/www.mardequel.com\/blog\/wp-content\/uploads\/2018\/05\/Samano-Camara-Picking-Exterior-120x120.jpg 120w, https:\/\/www.mardequel.com\/blog\/wp-content\/uploads\/2018\/05\/Samano-Camara-Picking-Exterior.jpg 1600w\" sizes=\"auto, (max-width: 254px) 100vw, 254px\" \/><\/a><a href=\"https:\/\/www.mardequel.com\/blog\/wp-content\/uploads\/2018\/05\/Samano-Camara-Picking-Interior.jpg\"><img loading=\"lazy\" decoding=\"async\" class=\"wp-image-1841 alignright\" src=\"https:\/\/www.mardequel.com\/blog\/wp-content\/uploads\/2018\/05\/Samano-Camara-Picking-Interior-300x225.jpg\" alt=\"Samano Camara Picking Interior\" width=\"338\" height=\"254\" srcset=\"https:\/\/www.mardequel.com\/blog\/wp-content\/uploads\/2018\/05\/Samano-Camara-Picking-Interior-300x225.jpg 300w, https:\/\/www.mardequel.com\/blog\/wp-content\/uploads\/2018\/05\/Samano-Camara-Picking-Interior-1024x768.jpg 1024w, https:\/\/www.mardequel.com\/blog\/wp-content\/uploads\/2018\/05\/Samano-Camara-Picking-Interior.jpg 1600w\" sizes=\"auto, (max-width: 338px) 100vw, 338px\" \/><\/a><\/p>\n<p>&nbsp;<\/p>\n<p>&nbsp;<\/p>\n<p>Parcela de 12.000 m2 situada en el Pol\u00edgono Industrial de S\u00e1mano (Castro Urdiales). Dispone de 42.000 metros c\u00fabicos de fr\u00edo con capacidad para almacenar 6.500 palets distribuidos entre una c\u00e1mara frigor\u00edfica de 26.000 metros c\u00fabicos y una c\u00e1mara de picking, inaugurada en 2018, de 16.000 metros c\u00fabicos.<\/p>\n<p><strong>Comercialmente cubre la zona de Cantabria, Asturias y Vizcaya.<\/strong><\/p>\n<div style=\"float: right;\"><iframe loading=\"lazy\" src=\"http:\/\/maps.google.es\/maps?f=q&amp;source=s_q&amp;hl=es&amp;geocode=&amp;q=Martinez+de+Quel+S.L.,+Samano&amp;aq=&amp;sll=45.521744,-3.691406&amp;sspn=0.917905,2.17804&amp;t=h&amp;ie=UTF8&amp;hq=Martinez+de+Quel+S.L.,+Samano&amp;hnear=&amp;radius=15000&amp;cid=10961915855857305379&amp;ll=43.343438,-3.239465&amp;spn=0.003121,0.008132&amp;z=16&amp;iwloc=A&amp;output=embed\" width=\"380\" height=\"200\" frameborder=\"0\" marginwidth=\"0\" marginheight=\"0\" scrolling=\"no\"><\/iframe><br \/>\n<small><a style=\"color: #0000ff; text-align: left;\" href=\"http:\/\/maps.google.es\/maps?f=q&amp;source=embed&amp;hl=es&amp;geocode=&amp;q=Martinez+de+Quel+S.L.,+Samano&amp;aq=&amp;sll=45.521744,-3.691406&amp;sspn=0.917905,2.17804&amp;t=h&amp;ie=UTF8&amp;hq=Martinez+de+Quel+S.L.,+Samano&amp;hnear=&amp;radius=15000&amp;cid=10961915855857305379&amp;ll=43.343438,-3.239465&amp;spn=0.003121,0.008132&amp;z=16&amp;iwloc=A\">Ver mapa m\u00e1s grande<\/a><\/small><\/div>\n<div style=\"float: left;\">\n<p>Pol. Ind. Valleg\u00f3n Parc. 46-47<br \/>\nC.P: 39709<br \/>\nT. 942 864 333<\/p>\n<\/div>\n","protected":false},"excerpt":{"rendered":"<p>&nbsp; &nbsp; &nbsp; Parcela de 12.000 m2 situada en el Pol\u00edgono Industrial de S\u00e1mano (Castro Urdiales). Dispone de 42.000 metros c\u00fabicos de fr\u00edo con capacidad para almacenar 6.500 palets distribuidos&#8230;<\/p>\n","protected":false},"author":1,"featured_media":0,"parent":202,"menu_order":0,"comment_status":"open","ping_status":"open","template":"","meta":{"_acf_changed":false,"footnotes":""},"class_list":["post-227","page","type-page","status-publish"],"acf":[],"_links":{"self":[{"href":"https:\/\/www.mardequel.com\/blog\/wp-json\/wp\/v2\/pages\/227","targetHints":{"allow":["GET"]}}],"collection":[{"href":"https:\/\/www.mardequel.com\/blog\/wp-json\/wp\/v2\/pages"}],"about":[{"href":"https:\/\/www.mardequel.com\/blog\/wp-json\/wp\/v2\/types\/page"}],"author":[{"embeddable":true,"href":"https:\/\/www.mardequel.com\/blog\/wp-json\/wp\/v2\/users\/1"}],"replies":[{"embeddable":true,"href":"https:\/\/www.mardequel.com\/blog\/wp-json\/wp\/v2\/comments?post=227"}],"version-history":[{"count":20,"href":"https:\/\/www.mardequel.com\/blog\/wp-json\/wp\/v2\/pages\/227\/revisions"}],"predecessor-version":[{"id":3030,"href":"https:\/\/www.mardequel.com\/blog\/wp-json\/wp\/v2\/pages\/227\/revisions\/3030"}],"up":[{"embeddable":true,"href":"https:\/\/www.mardequel.com\/blog\/wp-json\/wp\/v2\/pages\/202"}],"wp:attachment":[{"href":"https:\/\/www.mardequel.com\/blog\/wp-json\/wp\/v2\/media?parent=227"}],"curies":[{"name":"wp","href":"https:\/\/api.w.org\/{rel}","templated":true}]}}