{"id":202,"date":"2012-05-20T21:58:22","date_gmt":"2012-05-20T21:58:22","guid":{"rendered":"https:\/\/www.mardequel.com\/blog\/\/?page_id=202"},"modified":"2019-03-06T10:29:21","modified_gmt":"2019-03-06T08:29:21","slug":"instalaciones","status":"publish","type":"page","link":"https:\/\/www.mardequel.com\/blog\/quienes-somos\/instalaciones\/","title":{"rendered":"Instalaciones"},"content":{"rendered":"<p>Seleccione en el mapa o en el men\u00fa de la izquierda las diferentes instalaciones de <strong>Mart\u00ednez de Quel<\/strong>.<\/p>\n<ul>\n<li><span style=\"color: #fc2f1f;\"><strong>Delegaciones<\/strong><\/span><\/li>\n<li><span style=\"color: #fe8c7f;\"><strong>\u00c1reas\u00a0de influencia<\/strong><\/span><\/li>\n<\/ul>\n<div class=\"aligncenter\"><img loading=\"lazy\" decoding=\"async\" class=\"size-full wp-image-578 aligncenter\" title=\"mapa_delegaciones\" alt=\"\" src=\"https:\/\/www.mardequel.com\/blog\/wp-content\/uploads\/2019\/03\/Mapa-Delegaciones.jpg\" usemap=\"#Map\" width=\"335\" height=\"283\" \/><\/div>\n<div><\/div>\n<p>&nbsp;<\/p>\n<map name=\"Map\">\n<area alt=\"Valladolid\" coords=\"123,80,10\" shape=\"circle\" href=\"https:\/\/www.mardequel.com\/blog\/?page_id=225\" \/>\n<area alt=\"Logro\u00f1o\" coords=\"175,54,10\" shape=\"circle\" href=\"https:\/\/www.mardequel.com\/blog\/?page_id=219\" \/>\n<area alt=\"Burgos\" coords=\"153,54,10\" shape=\"circle\" href=\"https:\/\/www.mardequel.com\/blog\/?page_id=223\" \/>\n<area alt=\"Castro Urdiales\" coords=\"143,20,10\" shape=\"circle\" href=\"https:\/\/www.mardequel.com\/blog\/?page_id=227\" \/>\n<area alt=\"Pamplona\" coords=\"208,36,10\" shape=\"circle\" href=\"https:\/\/www.mardequel.com\/blog\/?page_id=221\" \/>\n<area alt=\"Zaragoza\" coords=\"218,82,10\" shape=\"circle\" href=\"https:\/\/www.mardequel.com\/blog\/?page_id=388\" \/>\n<\/map>\n","protected":false},"excerpt":{"rendered":"<p>Seleccione en el mapa o en el men\u00fa de la izquierda las diferentes instalaciones de Mart\u00ednez de Quel. Delegaciones \u00c1reas\u00a0de influencia &nbsp;<\/p>\n","protected":false},"author":1,"featured_media":2031,"parent":4,"menu_order":0,"comment_status":"open","ping_status":"open","template":"","meta":{"_acf_changed":false,"footnotes":""},"class_list":["post-202","page","type-page","status-publish","has-post-thumbnail"],"acf":[],"_links":{"self":[{"href":"https:\/\/www.mardequel.com\/blog\/wp-json\/wp\/v2\/pages\/202","targetHints":{"allow":["GET"]}}],"collection":[{"href":"https:\/\/www.mardequel.com\/blog\/wp-json\/wp\/v2\/pages"}],"about":[{"href":"https:\/\/www.mardequel.com\/blog\/wp-json\/wp\/v2\/types\/page"}],"author":[{"embeddable":true,"href":"https:\/\/www.mardequel.com\/blog\/wp-json\/wp\/v2\/users\/1"}],"replies":[{"embeddable":true,"href":"https:\/\/www.mardequel.com\/blog\/wp-json\/wp\/v2\/comments?post=202"}],"version-history":[{"count":36,"href":"https:\/\/www.mardequel.com\/blog\/wp-json\/wp\/v2\/pages\/202\/revisions"}],"predecessor-version":[{"id":2038,"href":"https:\/\/www.mardequel.com\/blog\/wp-json\/wp\/v2\/pages\/202\/revisions\/2038"}],"up":[{"embeddable":true,"href":"https:\/\/www.mardequel.com\/blog\/wp-json\/wp\/v2\/pages\/4"}],"wp:featuredmedia":[{"embeddable":true,"href":"https:\/\/www.mardequel.com\/blog\/wp-json\/wp\/v2\/media\/2031"}],"wp:attachment":[{"href":"https:\/\/www.mardequel.com\/blog\/wp-json\/wp\/v2\/media?parent=202"}],"curies":[{"name":"wp","href":"https:\/\/api.w.org\/{rel}","templated":true}]}}